 691
List the prime factors of 636.
2, 3, 53
What are the prime factors of 10647?
3, 7, 13
What are the prime factors of 332?
2, 83
What are the prime factors of 71449?
7, 59, 173
What are the prime factors of 41753?
43, 971
What are the prime factors of 89791?
13, 6907
List the prime factors of 48093.
3, 17, 23, 41
List the prime factors of 930.
2, 3, 5, 31
What are the prime factors of 1169?
7, 167
What are the prime factors of 230?
2, 5, 23
What are the prime factors of 6098?
2, 3049
List the prime factors of 4542.
2, 3, 757
List the prime factors of 3744.
2, 3, 13
List the prime factors of 1824.
2, 3, 19
List the prime factors of 4028.
2, 19, 53
What are the prime factors of 11471?
11471
What are the prime factors of 157?
157
List the prime factors of 6342.
2, 3, 7, 151
What are the prime factors of 140739?
3, 43, 1091
What are the prime factors of 2427?
3, 809
What are the prime factors of 16348?
2, 61, 67
List the prime factors of 1223.
1223
List the prime factors of 41906.
2, 23, 911
What are the prime factors of 5264?
2, 7, 47
What are the prime factors of 199128?
2, 3, 8297
List the prime factors of 1746.
2, 3, 97
List the prime factors of 13055.
5, 7, 373
List the prime factors of 4554.
2, 3, 11, 23
List the prime factors of 65630.
2, 5, 6563
List the prime factors of 9882.
2, 3, 61
List the prime factors of 119.
7, 17
List the prime factors of 5779.
5779
List the prime factors of 1106.
2, 7, 79
List the prime factors of 9016.
2, 7, 23
What are the prime factors of 98449?
13, 7573
List the prime factors of 4486.
2, 2243
List the prime factors of 65754.
2, 3, 13, 281
List the prime factors of 52707.
3, 17569
What are the prime factors of 19239?
3, 11, 53
What are the prime factors of 2197?
13
What are the prime factors of 17037?
3, 631
What are the prime factors of 1619?
1619
What are the prime factors of 1125?
3, 5
What are the prime factors of 1360?
2, 5, 17
What are the prime factors of 9642?
2, 3, 1607
List the prime factors of 128475.
3, 5, 571
List the prime factors of 1037.
17, 61
List the prime factors of 1132.
2, 283
List the prime factors of 1671.
3, 557
What are the prime factors of 712?
2, 89
What are the prime factors of 37291?
89, 419
List the prime factors of 35662.
2, 11, 1621
List the prime factors of 4474.
2, 2237
List the prime factors of 6715.
5, 17, 79
What are the prime factors of 5582?
2, 2791
What are the prime factors of 1460?
2, 5, 73
List the prime factors of 43797.
3, 13, 1123
What are the prime factors of 441?
3, 7
What are the prime factors of 5974?
2, 29, 103
List the prime factors of 5038.
2, 11, 229
What are the prime factors of 786?
2, 3, 131
List the prime factors of 950.
2, 5, 19
List the prime factors of 1182.
2, 3, 197
List the prime factors of 88516.
2, 22129
List the prime factors of 2504.
2, 313
What are the prime factors of 156?
2, 3, 13
List the prime factors of 3300.
2, 3, 5, 11
What are the prime factors of 887?
887
What are the prime factors of 1283?
1283
List the prime factors of 4280.
2, 5, 107
List the prime factors of 2437.
2437
What are the prime factors of 26843?
17, 1579
List the prime factors of 920.
2, 5, 23
What are the prime factors of 21628?
2, 5407
What are the prime factors of 27096?
2, 3, 1129
List the prime factors of 25964.
2, 6491
List the prime factors of 1299.
3, 433
List the prime factors of 2156.
2, 7, 11
List the prime factors of 484.
2, 11
List the prime factors of 76526.
2, 83, 461
List the prime factors of 2681.
7, 383
What are the prime factors of 469?
7, 67
What are the prime factors of 30484?
2, 7621
What are the prime factors of 6668?
2, 1667
List the prime factors of 57853.
57853
What are the prime factors of 110?
2, 5, 11
List the prime factors of 52462.
2, 17, 1543
What are the prime factors of 1667?
1667
What are the prime factors of 26105?
5, 23, 227
List the prime factors of 1090.
2, 5, 109
List the prime factors of 2084.
2, 521
List the prime factors of 48877.
37, 1321
List the prime factors of 13097.
7, 1871
List the prime factors of 5044.
2, 13, 97
What are the prime factors of 25507?
23, 1109
What are the prime factors of 9619?
9619
What are the prime factors of 718?
2, 359
List the prime factors of 1902.
2, 3, 317
List the prime factors of 11073.
3, 3691
List the prime factors of 555.
3, 5, 37
What are the prime factors of 26626?
2, 13313
What are the prime factors of 6805?
5, 1361
What are the prime factors of 17528?
2, 7, 313
What are the prime factors of 71376?
2, 3, 1487
List the prime factors of 3266.
2, 23, 71
What are the prime factors of 2096?
2, 131
List the prime factors of 5242.
2, 2621
What are the prime factors of 1159?
19, 61
What are the prime factors of 1008?
2, 3, 7
What are the prime factors of 431?
431
What are the prime factors of 3044?
2, 761
What are the prime factors of 3856?
2, 241
List the prime factors of 3976.
2, 7, 71
List the prime factors of 137677.
37, 61
List the prime factors of 634.
2, 317
What are the prime factors of 212?
2, 53
List the prime factors of 12129.
3, 13, 311
List the prime factors of 4198.
2, 2099
List the prime factors of 168.
2, 3, 7
What are the prime factors of 53403?
3, 7, 2543
List the prime factors of 118777.
41, 2897
List the prime factors of 6258.
2, 3, 7, 149
List the prime factors of 10665.
3, 5, 79
What are the prime factors of 6887?
71, 97
List the prime factors of 1624.
2, 7, 29
What are the prime factors of 12871?
61, 211
What are the prime factors of 314?
2, 157
List the prime factors of 26.
2, 13
List the prime factors of 13597.
13597
List the prime factors of 9837.
3, 1093
List the prime factors of 8387.
8387
List the prime factors of 4334.
2, 11, 197
What are the prime factors of 294?
2, 3, 7
List the prime factors of 28063.
7, 19, 211
What are the prime factors of 21520?
2, 5, 269
What are the prime factors of 43821?
3, 541
List the prime factors of 7441.
7, 1063
List the prime factors of 43716.
2, 3, 3643
What are the prime factors of 9608?
2, 1201
List the prime factors of 1612.
2, 13, 31
List the prime factors of 39992.
2, 4999
What are the prime factors of 2513?
7, 359
List the prime factors of 1198.
2, 599
What are the prime factors of 14292?
2, 3, 397
List the prime factors of 24525.
3, 5, 109
List the prime factors of 380.
2, 5, 19
List the prime factors of 137.
137
List the prime factors of 4654.
2, 13, 179
List the prime factors of 29458.
2, 11, 13, 103
List the prime factors of 2751.
3, 7, 131
List the prime factors of 5562.
2, 3, 103
What are the prime factors of 68253?
3, 22751
What are the prime factors of 580?
2, 5, 29
What are the prime factors of 2610?
2, 3, 5, 29
What are the prime factors of 3523?
13, 271
List the prime factors of 9105.
3, 5, 607
List the prime factors of 4811.
17, 283
List the prime factors of 768.
2, 3
What are the prime factors of 5816?
2, 727
List the prime factors of 187.
11, 17
List the prime factors of 23565.
3, 5, 1571
List the prime factors of 41530.
2, 5, 4153
List the prime factors of 504.
2, 3, 7
What are the prime factors of 835?
5, 167
What are the prime factors of 4718?
2, 7, 337
List the prime factors of 1266.
2, 3, 211
List the prime factors of 22193.
22193
List the prime factors of 5557.
5557
List the prime factors of 30214.
2, 15107
What are the prime factors of 61182?
2, 3, 11, 103
List the prime factors of 1041.
3, 347
List the prime factors of 20855.
5, 43, 97
List the prime factors of 3906.
2, 3, 7, 31
What are the prime factors of 28796?
2, 23, 313
What are the prime factors of 63672?
2, 3, 7, 379
What are the prime factors of 45315?
3, 5, 19, 53
List the prime factors of 1680.
2, 3, 5, 7
What are the prime factors of 333?
3, 37
List the prime factors of 2925.
3, 5, 13
What are the prime factors of 1938?
2, 3, 17, 19
What are the prime factors of 2913?
3, 971
List the prime factors of 1521.
3, 13
What are the prime factors of 44274?
2, 3, 47, 157
What are the prime factors of 51242?
2, 25621
What are the prime factors of 37543?
11, 3413
List the prime factors of 2726.
2, 29, 47
What are the prime factors of 25211?
17, 1483
List the prime factors of 3714.
2, 3, 619
What are the prime factors of 1916?
2, 479
List the prime factors of 439.
439
List the prime factors of 2290.
2, 5, 229
List the prime factors of 14911.
13, 